{"id":210,"date":"2023-05-12T18:50:08","date_gmt":"2023-05-12T18:50:08","guid":{"rendered":"https:\/\/fotostudio-weingarten.de\/?page_id=210"},"modified":"2025-09-26T14:58:35","modified_gmt":"2025-09-26T14:58:35","slug":"portrait-fotografie","status":"publish","type":"page","link":"https:\/\/foto-woblick.com\/index.php\/portrait-fotografie\/","title":{"rendered":"Portrait-Fotografie"},"content":{"rendered":"\n<p><em>&#8222;Wenn ich fotografiere, will ich dabei genausoviel Spa\u00df haben wie meine Kundschaft&#8220;<\/em><\/p>\n\n\n\n<p>Portr\u00e4ts im Studio erstellen zu lassen, ist etwas ganz anderes als ein Selfie. Im Studio wird mit Beleuchtung, Hintergrund und Kamera-Einstellung so gearbeitet, dass Ihr Charakter in seinem besten Ausdruck zum Vorschein kommt.<\/p>\n\n\n\n<p>Wir erstellen biometrische Passfotos, k\u00fcnstlerische Portraits und effektive Bewerbungs-Fotos, mit denen Sie bleibenden Eindruck hinterlassen.<\/p>\n\n\n\n<p>Auf dieser Seite finden Sie einige Beispiele:<\/p>\n\n\n\n<p>&nbsp;<\/p>\n\n\n\n<figure class=\"wp-block-image size-large\"><img decoding=\"async\" width=\"1024\" height=\"683\" src=\"https:\/\/foto-woblick.com\/wp-content\/uploads\/2025\/09\/A-1-20x30_1538-scaled-1-1024x683.jpg\" alt=\"\" class=\"wp-image-609\" srcset=\"https:\/\/foto-woblick.com\/wp-content\/uploads\/2025\/09\/A-1-20x30_1538-scaled-1-1024x683.jpg 1024w, https:\/\/foto-woblick.com\/wp-content\/uploads\/2025\/09\/A-1-20x30_1538-scaled-1-300x200.jpg 300w, https:\/\/foto-woblick.com\/wp-content\/uploads\/2025\/09\/A-1-20x30_1538-scaled-1-768x512.jpg 768w, https:\/\/foto-woblick.com\/wp-content\/uploads\/2025\/09\/A-1-20x30_1538-scaled-1-1536x1024.jpg 1536w, https:\/\/foto-woblick.com\/wp-content\/uploads\/2025\/09\/A-1-20x30_1538-scaled-1-2048x1366.jpg 2048w\" sizes=\"(max-width: 1024px) 100vw, 1024px\" \/><\/figure>\n\n\n\n<p>Wir inszenieren Sie mit Sorgfalt und Einf\u00fchlungsverm\u00f6gen, bis das f\u00fcr Sie optimale Ergebnis entsteht.<\/p>\n\n\n\n<figure class=\"wp-block-image size-large\"><img decoding=\"async\" width=\"683\" height=\"1024\" src=\"https:\/\/foto-woblick.com\/wp-content\/uploads\/2025\/09\/Spiess-01_29.10.22_6237-scaled-1-683x1024.jpg\" alt=\"\" class=\"wp-image-525\" srcset=\"https:\/\/foto-woblick.com\/wp-content\/uploads\/2025\/09\/Spiess-01_29.10.22_6237-scaled-1-683x1024.jpg 683w, https:\/\/foto-woblick.com\/wp-content\/uploads\/2025\/09\/Spiess-01_29.10.22_6237-scaled-1-200x300.jpg 200w, https:\/\/foto-woblick.com\/wp-content\/uploads\/2025\/09\/Spiess-01_29.10.22_6237-scaled-1-768x1152.jpg 768w, https:\/\/foto-woblick.com\/wp-content\/uploads\/2025\/09\/Spiess-01_29.10.22_6237-scaled-1-1024x1536.jpg 1024w, https:\/\/foto-woblick.com\/wp-content\/uploads\/2025\/09\/Spiess-01_29.10.22_6237-scaled-1-1366x2048.jpg 1366w, https:\/\/foto-woblick.com\/wp-content\/uploads\/2025\/09\/Spiess-01_29.10.22_6237-scaled-1.jpg 1707w\" sizes=\"(max-width: 683px) 100vw, 683px\" \/><\/figure>\n\n\n\n<p>Ein mit top Fototechnik erstelltes Atelier-Bild gibt Ihren Charakter wieder, wie kein Selfie es kann &#8211; und ist dabei so echt und unverf\u00e4lscht, dass es ein echtes Zeitdokument f\u00fcrs ganze Leben darstellt. <\/p>\n\n\n\n<figure class=\"wp-block-image size-large\"><img decoding=\"async\" width=\"683\" height=\"1024\" src=\"https:\/\/foto-woblick.com\/wp-content\/uploads\/2025\/09\/Klavier-1_2650-scaled-1-683x1024.jpg\" alt=\"\" class=\"wp-image-490\" srcset=\"https:\/\/foto-woblick.com\/wp-content\/uploads\/2025\/09\/Klavier-1_2650-scaled-1-683x1024.jpg 683w, https:\/\/foto-woblick.com\/wp-content\/uploads\/2025\/09\/Klavier-1_2650-scaled-1-200x300.jpg 200w, https:\/\/foto-woblick.com\/wp-content\/uploads\/2025\/09\/Klavier-1_2650-scaled-1-768x1152.jpg 768w, https:\/\/foto-woblick.com\/wp-content\/uploads\/2025\/09\/Klavier-1_2650-scaled-1-1024x1536.jpg 1024w, https:\/\/foto-woblick.com\/wp-content\/uploads\/2025\/09\/Klavier-1_2650-scaled-1-1366x2048.jpg 1366w, https:\/\/foto-woblick.com\/wp-content\/uploads\/2025\/09\/Klavier-1_2650-scaled-1.jpg 1707w\" sizes=\"(max-width: 683px) 100vw, 683px\" \/><figcaption class=\"wp-element-caption\"><em>Portraitfotografie ist eine Frage der Inszenierung. Kommen Sie zu uns ans Set!<\/em><\/figcaption><\/figure>\n\n\n\n<p>F\u00fcr viele Situationen brauchen Sie ein Bild, das eine bestimmte Aussage hat. Wir stellen Sie in einen Kontext, der Ihren Charakter hervorhebt. Mit der Erfahrung vieler Jahre und dem hochprofessionellen Equipment unseres Fotostudios gelingt Ihnen und uns die ikonische Aufnahme, die Ihr Bild in der \u00d6ffentlichkeit pr\u00e4gt. <\/p>\n\n\n\n<p><\/p>\n\n\n\n<p><br><br><\/p>\n","protected":false},"excerpt":{"rendered":"<p>&#8222;Wenn ich fotografiere, will ich dabei genausoviel Spa\u00df haben wie meine Kundschaft&#8220; Portr\u00e4ts im Studio erstellen zu lassen, ist etwas ganz anderes als ein Selfie. Im Studio wird mit Beleuchtung, Hintergrund und Kamera-Einstellung so gearbeitet, dass Ihr Charakter in seinem besten Ausdruck zum Vorschein kommt. Wir erstellen biometrische Passfotos, k\u00fcnstlerische Portraits und effektive Bewerbungs-Fotos, mit&hellip;&nbsp;<a href=\"https:\/\/foto-woblick.com\/index.php\/portrait-fotografie\/\" rel=\"bookmark\"><span class=\"screen-reader-text\">Portrait-Fotografie<\/span><\/a><\/p>\n","protected":false},"author":1,"featured_media":632,"parent":0,"menu_order":0,"comment_status":"closed","ping_status":"closed","template":"","meta":{"neve_meta_sidebar":"","neve_meta_container":"","neve_meta_enable_content_width":"","neve_meta_content_width":0,"neve_meta_title_alignment":"","neve_meta_author_avatar":"","neve_post_elements_order":"","neve_meta_disable_header":"","neve_meta_disable_footer":"","neve_meta_disable_title":"","footnotes":""},"class_list":["post-210","page","type-page","status-publish","has-post-thumbnail","hentry"],"_links":{"self":[{"href":"https:\/\/foto-woblick.com\/index.php\/wp-json\/wp\/v2\/pages\/210","targetHints":{"allow":["GET"]}}],"collection":[{"href":"https:\/\/foto-woblick.com\/index.php\/wp-json\/wp\/v2\/pages"}],"about":[{"href":"https:\/\/foto-woblick.com\/index.php\/wp-json\/wp\/v2\/types\/page"}],"author":[{"embeddable":true,"href":"https:\/\/foto-woblick.com\/index.php\/wp-json\/wp\/v2\/users\/1"}],"replies":[{"embeddable":true,"href":"https:\/\/foto-woblick.com\/index.php\/wp-json\/wp\/v2\/comments?post=210"}],"version-history":[{"count":4,"href":"https:\/\/foto-woblick.com\/index.php\/wp-json\/wp\/v2\/pages\/210\/revisions"}],"predecessor-version":[{"id":715,"href":"https:\/\/foto-woblick.com\/index.php\/wp-json\/wp\/v2\/pages\/210\/revisions\/715"}],"wp:featuredmedia":[{"embeddable":true,"href":"https:\/\/foto-woblick.com\/index.php\/wp-json\/wp\/v2\/media\/632"}],"wp:attachment":[{"href":"https:\/\/foto-woblick.com\/index.php\/wp-json\/wp\/v2\/media?parent=210"}],"curies":[{"name":"wp","href":"https:\/\/api.w.org\/{rel}","templated":true}]}}